42
In base 4, what is 21 - 13332?
-13311
In base 2, what is -11 - 11110?
-100001
In base 11, what is -81 - -2?
-7a
In base 9, what is 5 - 783?
-777
In base 2, what is 1 + 10001011?
10001100
In base 12, what is -1 + 219?
218
In base 4, what is -1201 - 300?
-2101
In base 15, what is -3b + 4?
-37
In base 15, what is 6 + 1?
7
In base 15, what is 33 - 9a?
-67
In base 6, what is 5 + -315?
-310
In base 5, what is 10 - 10301?
-10241
In base 6, what is -4410 - -1?
-4405
In base 13, what is c2 + -1?
c1
In base 7, what is 22 + 16?
41
In base 9, what is 322 - -38?
361
In base 6, what is 5 - 52005?
-52000
In base 4, what is 1301 + 0?
1301
In base 9, what is -13 - 140?
-153
In base 15, what is -4 - 3c?
-41
In base 2, what is -10 + 11000110?
11000100
In base 13, what is -38c - 53?
-412
In base 15, what is -13 - -b?
-7
In base 4, what is -1 - -20033?
20032
In base 8, what is -2 - 2014?
-2016
In base 11, what is -8 - -33?
26
In base 15, what is 4 - 1a1?
-19c
In base 11, what is 6 + 13?
19
In base 11, what is 9 - -19?
27
In base 15, what is -206 - 1?
-207
In base 7, what is 313 - 31?
252
In base 10, what is 46 - 5?
41
In base 15, what is 506 + 4?
50a
In base 12, what is -1 + 2483?
2482
In base 16, what is 208 - 18?
1f0
In base 12, what is 127 + 4?
12b
In base 9, what is 1 - 542?
-541
In base 7, what is -3 - -2120?
2114
In base 5, what is -24 - 114?
-143
In base 14, what is 73 - -8?
7b
In base 16, what is 1b1 - 10?
1a1
In base 4, what is -2 + 22012?
22010
In base 12, what is -b475 + 3?
-b472
In base 11, what is 4 + 3?
7
In base 7, what is -2 + -14213?
-14215
In base 2, what is -1 + 1000000110?
1000000101
In base 14, what is 303 - -1?
304
In base 12, what is -2 - 11?
-13
In base 14, what is -2200 - 0?
-2200
In base 12, what is b21 - -1b?
b40
In base 10, what is 1303 + 2?
1305
In base 11, what is 21 - -260?
281
In base 13, what is a - 31?
-24
In base 14, what is 3 + cd?
d2
In base 4, what is -21 + 13202?
13121
In base 6, what is 11 - -2?
13
In base 12, what is 5 + -1a90?
-1a87
In base 4, what is 33 + -220?
-121
In base 4, what is -200320 + -1?
-200321
In base 3, what is 0 + -120?
-120
In base 14, what is -16 + 65?
4d
In base 5, what is 1 - 134?
-133
In base 8, what is 242 + 5?
247
In base 7, what is -1 - 2446?
-2450
In base 3, what is 120 + -2?
111
In base 7, what is -4 - -3515?
3511
In base 10, what is 0 + 27?
27
In base 16, what is -77 - 5?
-7c
In base 9, what is 244 - 13?
231
In base 2, what is -10 - -101100101001?
101100100111
In base 12, what is 0 - -b28?
b28
In base 2, what is 110010 - 100000111?
-11010101
In base 10, what is -84 + -348?
-432
In base 5, what is 1 - -11002?
11003
In base 16, what is -1 - -261?
260
In base 16, what is 1f + 89?
a8
In base 2, what is 100110101010 + -101?
100110100101
In base 8, what is 7 - 454?
-445
In base 12, what is 495 - 0?
495
In base 12, what is 0 - 169?
-169
In base 9, what is -720 - -1?
-718
In base 5, what is 0 + -314?
-314
In base 8, what is -3 - -3375?
3372
In base 9, what is 2 + 110?
112
In base 4, what is 11 + -11313?
-11302
In base 16, what is 2 - 2b?
-29
In base 9, what is -164 - -7?
-156
In base 12, what is -5 - 218?
-221
In base 14, what is -a2 + 10?
-92
In base 9, what is 361 - 22?
338
In base 15, what is -4 - -11c9?
11c5
In base 11, what is 5a46 - 2?
5a44
In base 10, what is -2 - 220?
-222
In base 8, what is 460 + -3?
455
In base 11, what is 3 - -95?
98
In base 13, what is 4 + 34?
38
In base 2, what is -100101001100 + -101?
-100101010001
In base 9, what is 832 + -32?
800
In base 2, what is -101 - 1101000?
-1101101
In base 6, what is -1321 - -13?
-1304
In base 13, what is 3bb + 3?
3c1
In base 3, what is -11 + -1111020?
-1111101
In base 16, what is -2 + -15?
-17
In base 5, what is 0 - -20432?
20432
In base 9, what is -2 + -70?
-72
In base 9, what is -26 - 5?
-32
In base 7, what is 5520 - -3?
5523
In base 16, what is 3 + 27?
2a
In base 14, what is -1a6 - 53?
-219
In base 6, what is 120 - 311?
-151
In base 3, what is -212111 + 2?
-212102
In base 14, what is -19 + 13?
-6
In base 5, what is 3 + 422?
430
In base 5, what is 3 + -124310?
-124302
In base 9, what is 7301 + 5?
7306
In base 15, what is cc + -7?
c5
In base 3, what is -2 + 2021?
2012
In base 12, what is 5a - -116?
174
In base 11, what is 120 - 21?
aa
In base 16, what is 14a - 10?
13a
In base 6, what is 13 + -3443?
-3430
In base 9, what is 28 - 25?
3
In base 13, what is -20 + -3?
-23
In base 2, what is 1 + -1011110?
-1011101
In base 15, what is 5 - 17?
-12
In base 7, what is 254 + 5?
262
In base 4, what is 3 - -10231?
10300
In base 16, what is 3 - -1c?
1f
In base 4, what is -1 + 1310?
1303
In base 3, what is -1 + -100202?
-100210
In base 10, what is 2 + 70?
72
In base 10, what is 67 + 0?
67
In base 16, what is 42c + -4?
428
In base 11, what is -207a - 3?
-2082
In base 6, what is -3320 + 11?
-3305
In base 2, what is 10001101000 + 11?
10001101011
In base 13, what is -5 - -2c?
27
In base 16, what is 44 + 2?
46
In base 12, what is 1 + -69?
-68
In base 5, what is -103313 - -4?
-103304
In base 14, what is -20 - -1?
-1d
In base 4, what is -20012203 - -3?
-20012200
In base 4, what is 13321 - 11?
13310
In base 4, what is 1 + 1333?
2000
In base 16, what is -1 - 27?
-28
In base 14, what is -8 - a?
-14
In base 14, what is -1 + -18b?
-18c
In base 16, what is -140 + a?
-136
In base 11, what is 4 + -10?
-7
In base 12, what is 8 + 17?
23
In base 12, what is 102 - 3?
bb
In base 13, what is 1a60 - -2?
1a62
In base 8, what is 5 - -22?
27
In base 16, what is -9a + -9?
-a3
In base 13, what is -1c + 1?
-1b
In base 11, what is 138 + 2?
13a
In base 8, what is -1030 - -1?
-1027
In base 8, what is 36 + 13?
51
In base 16, what is 172 + 4?
176
In base 13, what is -72 + 2?
-70
In base 3, what is 101 + -121?
-20
In base 8, what is 4732 - -5?
4737
In base 7, what is 1542 + -20?
1522
In base 13, what is -7 + a9?
a2
In base 3, what is 11 - -22201?
22212
In base 16, what is -2bd - 3?
-2c0
In base 13, what is -749 - -5?
-744
In base 6, what is 10 - -334?
344
In base 10, what is -2 - -524?
522
In base 9, what is 50 - -8?
58
In base 12, what is 1 - -37?
38
In base 13, what is 2 + -44?
-42
In base 4, what is -3 + -112301?
-112310
In base 4, what is -22320 - 10?
-22330
In base 16, what is -22 - -1?
-21
In base 14, what is -4 - -5?
1
In base 12, what is 0 - 570?
-570
In base 3, what is 202 - 1100?
-121
In base 13, what is -5 + -1428?
-1430
In base 5, what is 112441 + -2?
112434
In base 3, what is -110 + -100?
-210
In base 6, what is -23302 + -3?
-23305
In base 5, what is -2 - 324?
-331
In base 7, what is 612 + 5?
620
In base 16, what is 17b + 5?
180
In base 14, what is -125b + -2?
-125d
In base 16, what is -5 + -9a?
-9f
In base 10, what is 5145 - -2?
5147
In base 12, what is -15 + -784?
-799
In base 9, what is -4 - 32?
-36
In base 12, what is -36 - -b?
-27
In base 14, what is -2 + b0?
ac
In base 4, what is -213000 + -1?
-213001
In base 5, what is -121 - 24?
-200
In base 8, what is 6 - 0?
6
In base 6, what is 15 + 130?
145
In base 15, what is -494 + 1?
-493
In base 8, what is 53 + -222?
-147
In base 7, what is -25 - -14?
-11
In base 10, what is 0 + 53?
53
In base 6, what is -23 + -3?
-30
In base 16, what is -3 + ae0?
add
In base 14, what is 8 - 14a6?
-149c
In base 11, what is 2967 + -3?
2964
In base 13, what is -70 + 23?
-4a
In base 8, what is 2 - 11?
-7
In base 13, what is 289 + 1?
28a
In base 11, what is 7 + -669?
-662
In base 13, what is 5 - -21b1?
21b6
In base 16, what is 3 - 143?
-140
In base 16, what is -8 - -1?
-7
In base 10, what is -108 - 69?
-177
In base 10, what is 0 - -8345?
8345
In base 8, what is 4 - 154?
-150
In base 5, what is -1 + -104?
-110
In base 12, what is -8a + 3?
-87
In base 8, what is 1 + 306?
307
In base 10, what is 5 - 7?
-2
In base 5, what is 204 + -12?
142
In base 12, what is 1 - 155?
-154
In base 16, what is -cf - 1?
-d0
In base 5, what is -214 + 4?
-210
In base 2, what is -1001111 + -11?
-1010010
In base 12, what is 4 - ba1?
-b99
In base 7, what is 21 - 21?
0
In base 6, what is 24 - -21?
45
In base 3, what is 10 - -21000202?
21000212
In base 14, what is 112b - 2?
1129
In base 7, what is -14 - 3?
-20
In base 10, what is -5 + -1497?
-1502
In base 3, what is -101 - -1120?
1012
In base 8, what is -4 - 13?
-17
In base 7, what is 125 + 25?
153
In base 16, what is -993 +